 14) in base 10?
-3141
244525 (base 6) to base 11
15416
What is 1307 (base 8) in base 11?
597
Convert 10997 (base 10) to base 11.
8298
What is 18a (base 13) in base 12?
1b7
Convert 14726 (base 9) to base 2.
10011101010100
What is 104203 (base 7) in base 4?
10131220
-10000202 (base 3) to base 10
-2207
Convert 16e (base 16) to base 12.
266
242 (base 10) to base 11
200
What is -54530 (base 7) in base 11?
-a283
What is 17877 (base 9) in base 2?
11000001011110
What is -222000122 (base 3) in base 13?
-8834
Convert -1000000110 (base 2) to base 13.
-30b
Convert 100011111110 (base 2) to base 4.
203332
What is -110101110100001 (base 2) in base 16?
-6ba1
-43313 (base 5) to base 10
-2958
Convert -3413 (base 6) to base 16.
-321
Convert 10231 (base 5) to base 11.
579
Convert -364b (base 14) to base 12.
-5597
31442 (base 5) to base 2
100001001010
Convert 1a98 (base 13) to base 6.
30324
What is 10221 (base 3) in base 14?
78
What is 32084 (base 11) in base 2?
1011011001010101
Convert -3221 (base 5) to base 12.
-304
-2332 (base 4) to base 10
-190
703 (base 16) to base 5
24140
What is -15c11 (base 13) in base 5?
-2312323
What is 101 (base 6) in base 11?
34
Convert -b7a (base 14) to base 15.
-a0e
What is -8854 (base 9) in base 11?
-49a6
What is -10122211 (base 3) in base 6?
-20204
What is -153112 (base 6) in base 13?
-6a5b
What is -136126 (base 7) in base 2?
-110011000011001
Convert 506 (base 8) to base 7.
644
What is -c90 (base 14) in base 6?
-15250
3b81 (base 12) to base 2
1101011010001
34c6 (base 13) to base 2
1110100000101
Convert -1bb2 (base 16) to base 7.
-26446
What is 760 (base 9) in base 2?
1001101101
What is -2424 (base 6) in base 13?
-367
Convert -8c7 (base 16) to base 3.
-10002020
2400421 (base 5) to base 12
21471
What is 10516 (base 8) in base 10?
4430
Convert -1013 (base 7) to base 12.
-255
Convert 33101 (base 4) to base 5.
12402
What is -1220111 (base 4) in base 7?
-25316
What is 220012022 (base 3) in base 7?
102266
-194e (base 16) to base 3
-22212221
22 (base 7) to base 5
31
What is 1000010011111 (base 2) in base 13?
1c24
Convert -3266 (base 9) to base 7.
-10011
-110000 (base 2) to base 6
-120
3899 (base 10) to base 16
f3b
Convert 11322 (base 5) to base 13.
4c5
-274 (base 14) to base 5
-3434
-40220 (base 7) to base 8
-22764
What is 991 (base 12) in base 3?
1221001
176d (base 15) to base 7
20506
-5364 (base 8) to base 12
-1758
What is -4743 (base 10) in base 7?
-16554
What is 214210 (base 6) in base 11?
12403
Convert -2212101 (base 3) to base 10.
-2089
What is 8849 (base 10) in base 4?
2022101
Convert 4024 (base 9) to base 10.
2938
What is 4165 (base 7) in base 9?
2011
10111110001 (base 2) to base 5
22041
Convert 204140 (base 5) to base 8.
15213
What is b75 (base 13) in base 16?
7a3
What is b4b (base 14) in base 15?
9d3
What is -212120 (base 3) in base 5?
-10021
Convert 2343 (base 10) to base 9.
3183
What is 1663 (base 7) in base 11?
570
-b2d (base 15) to base 16
-9d6
What is 1c72 (base 14) in base 12?
3010
What is 20 (base 15) in base 10?
30
1f0 (base 16) to base 3
200101
21013 (base 5) to base 7
4014
312 (base 4) to base 12
46
4242220 (base 5) to base 15
1630a
Convert 10032 (base 6) to base 11.
a97
Convert -111100101001 (base 2) to base 5.
-111011
What is 50c2 (base 15) in base 13?
79c1
What is 7406 (base 12) in base 7?
51651
Convert -6231 (base 11) to base 5.
-231022
-21320 (base 4) to base 10
-632
Convert 242 (base 12) to base 15.
178
What is -25765 (base 9) in base 12?
-a095
283 (base 13) to base 10
445
Convert -110110111101 (base 2) to base 11.
-2708
What is 32454 (base 6) in base 14?
18d4
-13333 (base 7) to base 14
-1453
What is -680 (base 16) in base 10?
-1664
What is 59d (base 14) in base 15?
4e9
What is 39841 (base 10) in base 7?
224104
2203444 (base 5) to base 8
112157
Convert 37b2 (base 13) to base 4.
1323233
What is -350 (base 7) in base 5?
-1212
25a67 (base 12) to base 10
51631
Convert -223 (base 5) to base 9.
-70
Convert c2 (base 13) to base 10.
158
12876 (base 10) to base 5
403001
What is 132434 (base 5) in base 10?
5369
What is -368 (base 9) in base 10?
-305
-433300 (base 5) to base 14
-558d
-b766 (base 14) to base 9
-47362
Convert -10435 (base 8) to base 7.
-15526
10921 (base 10) to base 6
122321
What is -757 (base 8) in base 16?
-1ef
4322200 (base 5) to base 4
101323101
What is 12413 (base 5) in base 14?
503
What is -1d69 (base 16) in base 7?
-30644
What is 2893 (base 14) in base 7?
26643
Convert -72520 (base 8) to base 9.
-45168
What is 9cc2 (base 13) in base 16?
55c7
What is 1013321 (base 4) in base 14?
1969
Convert -3653 (base 13) to base 9.
-11465
Convert -5da (base 16) to base 7.
-4240
What is 241 (base 5) in base 12?
5b
What is 18a (base 14) in base 3?
102210
Convert -10211120 (base 3) to base 7.
-11103
Convert -333221 (base 5) to base 14.
-438a
25 (base 15) to base 16
23
Convert -6 (base 16) to base 7.
-6
-100201 (base 4) to base 12
-741
What is 22155 (base 11) in base 15?
97ba
Convert 7117 (base 12) to base 9.
17731
Convert -3040 (base 7) to base 5.
-13212
What is 13353 (base 6) in base 12?
1259
What is -133020 (base 5) in base 16?
-1509
Convert -734 (base 8) to base 15.
-21b
341 (base 10) to base 16
155
a899 (base 13) to base 7
125235
What is -46632 (base 7) in base 13?
-55b6
Convert -1950 (base 11) to base 7.
-10134
-3120 (base 6) to base 12
-4a0
What is 76 (base 13) in base 16?
61
-1a7 (base 15) to base 4
-11332
What is -1100220221 (base 3) in base 6?
-324341
20b3 (base 15) to base 6
52010
-9646 (base 10) to base 14
-3730
Convert -31838 (base 9) to base 10.
-21095
-946 (base 12) to base 9
-1760
Convert 70b (base 13) to base 8.
2252
What is 144660 (base 8) in base 5?
3123012
-142311 (base 6) to base 8
-32303
Convert 222212112 (base 3) to base 12.
b405
Convert 330550 (base 6) to base 12.
13a56
Convert -2302 (base 5) to base 9.
-403
What is 100041 (base 5) in base 16?
c4a
What is -1234440 (base 5) in base 2?
-101111100110010
What is -170 (base 12) in base 5?
-1403
-2332 (base 4) to base 15
-ca
Convert 342312 (base 5) to base 4.
2332233
Convert -2406 (base 14) to base 3.
-22121112
Convert -d0 (base 15) to base 16.
-c3
-13885 (base 11) to base 4
-10303233
What is -1310 (base 4) in base 10?
-116
What is 15304 (base 7) in base 14?
17ab
Convert -2446 (base 9) to base 15.
-819
Convert -208 (base 9) to base 14.
-c2
-102 (base 8) to base 14
-4a
What is 4503 (base 6) in base 4?
100113
-24536 (base 7) to base 11
-4930
What is 10301221 (base 4) in base 8?
46151
Convert -22100 (base 3) to base 2.
-11100001
What is -1040433 (base 5) in base 7?
-104121
Convert 204 (base 9) to base 14.
bc
1001000 (base 3) to base 11
628
What is 620 (base 14) in base 15?
554
What is -24543 (base 6) in base 14?
-1499
-2233 (base 6) to base 15
-250
What is 2466 (base 13) in base 4?
1100202
-1044 (base 12) to base 8
-3364
What is 2220 (base 6) in base 8?
1004
-1333423 (base 5) to base 13
-c5bb
2eeb (base 15) to base 6
114505
Convert 9452 (base 11) to base 14.
47c4
Convert 113204 (base 5) to base 13.
1b96
-312b (base 14) to base 12
-4a97
261 (base 15) to base 3
202001
What is 1121121 (base 3) in base 15?
537
Convert 64 (base 13) to base 9.
101
-124433 (base 6) to base 16
-2c85
Convert 659 (base 12) to base 2.
1110100101
203013 (base 4) to base 12
1373
Convert 521 (base 9) to base 8.
650
What is -8a5 (base 15) in base 2?
-11110100011
What is -2066 (base 7) in base 13?
-446
What is 2001210001 (base 3) in base 11?
28607
What is 5d27 (base 14) in base 2?
11111110101111
What is -12102001 (base 3) in base 4?
-331213
Convert -24108 (base 9) to base 15.
-4ba2
What is 409a (base 11) in base 12?
3189
What is -250 (base 6) in base 2?
-1100110
-1104440 (base 5) to base 3
-222120102
What is -11314 (base 5) in base 3?
-1010220
Convert -200 (base 8) to base 2.
-10000000
6a04 (base 12) to base 2
10111000100100
Convert 110000 (base 2) to base 8.
60
Convert -2310 (base 4) to base 11.
-154
What is -483d (base 16) in base 13?
-8557
What is 8631 (base 11) in base 12?
6728
What is -200221101 (base 3) in base 13?
-6391
Convert -2103 (base 6) to base 16.
-1d7
Convert -3bb1 (base 16) to base 14.
-57d7
What is -111000100101111 (base 2) in base 14?
-a7b9
Convert -1111101000 (base 2) to base 9.
-1331
What is 3202 (base 4) in base 5?
1401
12435 (base 7) to base 9
4476
-951 (base 15